). Suppose -2*z + 3*i + 1778 = 0, -3*i + d*i = -4*z + 3556. Is z a prime number?
False
Suppose -4*l = w - 33, -w - 3 = l + 3*w. Let d be 2/(-3) - 3/l. Let h(z) = 1164*z**2 - 3*z - 2. Is h(d) prime?
False
Let h(f) = -3*f + 6*f**2 + 340 - 317 + 6*f. Is h(-12) prime?
False
Suppose 4*p - 3*j = 217087, -20*j - 162810 = -3*p - 23*j. Is p prime?
False
Suppose -2*b = -14 + 48. Let n = b + 19. Suppose 0 = n*x - 69 - 5. Is x a prime number?
True
Is (2 + 141208/57)/(4/6) a composite number?
False
Suppose -4*d - 1838 + 8142 = 4*k, 4727 = 3*k + 2*d. Let f = -956 + k. Is f prime?
True
Let u(m) = m + 7. Let s be u(5). Suppose 2*q - y + 43 + 126 = 0, s = -4*y. Let v = q + 123. Is v composite?
False
Let t(v) = v + 6. Let u be t(-8). Is -1 + 952 + u - 4/(-1) a composite number?
False
Suppose 0 = 2*l - l + 140. Suppose 127 = 3*r + 2*z, 3*r - 97 = 2*z + 2*z. Let b = r - l. Is b prime?
True
Let j = 24 - -4573. Is j a prime number?
True
Is 14893 - (-17)/((-204)/(-48)) prime?
True
Let o(f) = 4*f**3 - 7*f**2 + f + 6. Let w(b) = 9*b**3 - 15*b**2 + 3*b + 13. Let a(l) = -7*o(l) + 3*w(l). Let r be a(4). Suppose 7*n - 382 = r*n. Is n prime?
True
Suppose -2*g = h - 34865, -g = -6*h + 2*h - 17419. Is g a prime number?
True
Suppose -190929 - 1764199 = -56*g. Is g composite?
False
Suppose 4*s - 8*s = -12. Suppose 0 = s*t + 2*f - 3*f - 2161, -3*f - 12 = 0. Is t a prime number?
True
Let r be 34/10 + (-44)/110. Suppose -2088 = -3*d + 3*k, r*k - 5*k = 10. Is d composite?
False
Suppose -16 = 2*d - 0. Let z = 39 - d. Let r = 24 + z. Is r prime?
True
Suppose 12*u - 7*u = 0. Suppose -3*k + 35 - 20 = u. Suppose -k*w + 3*d = -709, w - 290 = -w - 2*d. Is w composite?
True
Let c(l) be the third derivative of -5/6*l**3 + 0 + l**2 + 5/24*l**4 + 13/10*l**5 + 0*l. Is c(2) prime?
True
Let u be (-4 + (-36)/(-8))*46. Let h = 26 - u. Suppose 2*k = -3*y + 3129, -3*y + 5215 = 2*y - h*k. Is y prime?
False
Let i(p) = 94*p + 22. Let q be i(8). Suppose u + 4*u - 15 = 0, -3*z = -5*u - q. Is z a prime number?
True
Let x(n) = 1744*n + 5. Let f be x(-8). Is 2/(-5) - f/5 prime?
True
Let f(p) = -p**3 - 3*p**2 + 5*p + 10. Let j be f(-4). Let i(v) = v**2 - 4*v - 3. Let q be i(j). Suppose -4*g + q*g = 635. Is g prime?
True
Let d = 802 + 277. Suppose 3*p - 1479 - 139 = -5*k, -3*k + d = 2*p. Is p a composite number?
False
Let v be ((-2)/(-6))/(1/18). Let f(x) = 6*x**2 - 7*x + 17. Is f(v) composite?
False
Let w(f) = 9*f**2 + 3*f - 3. Let j = -9 + 24. Suppose 0*i - j = 5*i. Is w(i) composite?
True
Is 16/14 + 61/(-427) - -11578 prime?
True
Let c(s) = -s**2 + 17*s - 39. Let p be c(14). Is p/(9/(-6)) + 259 composite?
False
Suppose 2962 = -2*s - 3*g + 7*g, 5*g = 4*s + 5912. Is s*(0 - (-1)/(-3)) prime?
True
Let f(k) = -100*k + 50. Let a be f(-10). Let r = a + -671. Is r a prime number?
True
Let s(c) = -c**2 - 5*c - 5. Let r be s(-4). Let z be 0 + 3 + -196 + r. Let p = 351 + z. Is p composite?
False
Let m = 1055 - 468. Is m prime?
True
Suppose -5*y + v = -61828, -1188 = y - 2*v - 13559. Is y a composite number?
True
Suppose 3*c - 1 = -3*j + 11, -c = 3*j - 8. Suppose 2*d - l + 73 = 0, -3*d = -c*d + 4*l + 41. Let g = 86 + d. Is g a prime number?
False
Suppose 19 - 7 = 4*w. Let v(p) = 31*p**3 + 2*p**2 - 4*p - 1. Let r be v(w). Suppose 4*q + 2*g = r, 5 = 2*q + 2*g - 415. Is q composite?
False
Suppose 0 = -l + 3*l - 2. Let y be -6*(435/9 - l). Let s = 417 + y. Is s a composite number?
True
Let s(v) = 3 + 9 + 11 - 11 + 150*v - 13. Let j be (-1)/(2 + -3)*1. Is s(j) prime?
True
Suppose -3*h + 338624 = 4*t, t - h - 35868 = 48781. Is t a prime number?
True
Let j(v) = 651*v + 424. Is j(27) a composite number?
True
Suppose 0 + 4 = p. Suppose 0 = -0*y - p*y - 72. Is 3*4/y*-15 a prime number?
False
Let t be (-1886)/10 - 16/40. Let u = t - -59. Let x = u - -219. Is x composite?
False
Let t be (-1)/(((-6)/10)/3). Suppose -f = h - 686, 3*h = -0*f + t*f - 3470. Is f composite?
False
Let p = -8 - -12. Suppose 0*q = p*q + 2532. Let l = -448 - q. Is l a prime number?
False
Let i(v) = -66*v**3 - v**2 + 3*v - 3. Let p be i(2). Let n be 14/(-35)*(0 + 20). Is n*5/(-10) - p composite?
True
Is 1141960/152 + (-4)/(-38) composite?
True
Let q be (-8)/(-14) + 124/28. Let z = 41 + 29. Suppose -5*h - 20 = 0, -5*o - 5*h + q + z = 0. Is o a prime number?
True
Let v(b) = b**3 - 12*b**2 - b + 9. Let x be v(12). Let f = 7 + x. Is f/(8/186) - 2 a composite number?
True
Let f = 4427 + -1378. Is f a prime number?
True
Let u = -20 - -37. Let i = -17 + u. Suppose -4*d = 5*n - 445, 448 = 4*d - i*n + 4*n. Is d prime?
False
Let q(f) = -2*f - 8. Let t be q(-8). Suppose -t*l + 13*l - 155 = 0. Is l prime?
True
Suppose -5*w = -3*b - 20, 0*b = -3*b. Suppose -n + x - 18 = 0, x + 19 - 82 = w*n. Is (-3531)/n - 6/15 composite?
True
Let u(a) = -17*a - 7. Let c(b) = 8*b + 3. Let z(f) = -5*c(f) - 2*u(f). Let v be z(-1). Suppose -198 - 127 = -v*q. Is q prime?
False
Let x = -13 + 12. Let c be ((-3)/(-3) + x)/3. Suppose 2*h = -c*t - 4*t + 194, 4*h - 358 = -2*t. Is h a composite number?
True
Let r(g) = -18119*g - 320. Is r(-3) a composite number?
False
Suppose 81455 = 1869*u - 1858*u. Is u composite?
True
Suppose -2*w + w = -5*d + 93, -4*d + 80 = 2*w. Let r = d - 13. Is 27/(-18)*(-2524)/r a composite number?
False
Let y = -2106 - -3565. Is y prime?
True
Suppose -3*o + 10699 = 3*a - 4319, -3*o = -a + 5006. Is a a composite number?
True
Let h(v) be the third derivative of -v**6/120 + v**5/10 - v**4/12 - 5*v**3/6 + 5*v**2. Let m be h(5). Suppose -x + 13 = -m. Is x a prime number?
True
Is (3/9)/(1/3411) a composite number?
True
Let g = 29525 - -3682. Is g composite?
True
Let x be (4 - 63/(-3)) + -1. Suppose 0 = 4*p + 4 + x. Let d(i) = -2*i**3 - 9*i**2 + 3*i + 2. Is d(p) composite?
True
Let w(f) = -3*f + 4*f - 330 + 116*f**2 + 325. Is w(-4) a composite number?
False
Suppose -4*y + 25 - 4 = -5*f, 2*y + 2 = 0. Let p(t) = 12*t**2 + 4*t + 9. Let i be p(f). Let o = 543 - i. Is o prime?
False
Suppose -186 = -0*s + 2*s. Let q = s + 350. Is q prime?
True
Let h be 2 + 14*-1*1. Is (-6207)/h + (-2)/8 a composite number?
True
Suppose 5*j - 29190 = 5*f + 2835, -2*j + 3*f = -12812. Is j prime?
False
Suppose -4*f - 2*j = 1181 + 9, -3*j = -f - 287. Let k be 6441/15 - (-2)/(-5). Let p = f + k. Is p prime?
False
Let z(q) = -q**3 - 12*q**2 - q - 1. Let n be z(-7). Let a = 472 + n. Is a prime?
True
Let x(l) = 288*l**3 + 3*l**2 - l + 1. Is x(2) a prime number?
False
Suppose -5*d = o - 2746, 5*d + 5477 = -o + 3*o. Is o a composite number?
False
Let a be -5 + 1 + (-102)/(-3). Let s be 53/((-58)/a - -2). Suppose 4*u = u + s. Is u a prime number?
False
Let k be (4/2)/(4/28). Let y be (473 - 1)/(-4)*(-18)/(-9). Is 35/k*y/(-10) a prime number?
True
Suppose -g + 2*q - 5*q + 91 = 0, 4*g - 3*q - 439 = 0. Suppose 4*i - 530 = g. Is i a prime number?
False
Suppose 4*a - 3*x = -7045 - 720, -5 = 5*x. Let r = a - -3483. Is r a composite number?
True
Let a(f) = 280*f**3 - 2*f**2 - f. Let n be a(2). Let g(h) = 264*h**2 + 4*h + 13. Let s be g(-2). Let v = n - s. Is v prime?
False
Let c(n) = -n**3 + 4*n**2 + n - 2. Let z be c(4). Suppose z*g - 384 = 350. Is g a prime number?
True
Is 2/1 + (-143724)/(-6) + 9 prime?
False
Suppose -38 - 18 = -2*f. Let o(l) = 3*l**2 - 19*l + 27. Is o(f) prime?
True
Let l = 11134 - -10107. Is l composite?
True
Let v be 0 + (-2 - -4) - -2. Suppose -51 = -d + v*g, -2*d = 2*d - 3*g - 217. Suppose d - 390 = -5*p - y, -p = -3*y - 67. Is p composite?
False
Let c be (3/(-2))/((-9)/12). Is c*-2*4548/(-48) a composite number?
False
Suppose -3*h = 3*x + x - 35, 0 = -5*x - h + 30. Suppose x*p = p - 248. Is -1*2/4*p a composite number?
False
Let y(c) be the second derivative of c**5/60 + c**4/12 + c**3 - 6*c**2 - 2*c. Let t(r) be the first derivative of y(r). Is t(-4) a composite number?
True
Let b(l) = -26*l**2 - 2*l. Let w be b(-1). Let o = w - -31. Is o a composite number?
False
Suppose 98 + 94 = 4*c. Let y = 98 + 12. Suppose -b - n + c = 0, -5*n + 24 = 3*b - y. Is b composite?
False
Let u(s) = 4*s**3 + 2*s**2 - 3. Let j be u(2). Let b = j + 6. Is b composite?
False
Suppose -6*f + 10 = -f. Suppose f*t - t = 0. Suppose t = 2*q - 0*q - 174. Is q composite?
True
Suppose -21*l = -42*l + 201579. Is l prime?
False
Suppose 27 - 6 = 3*o. Suppose o*d = -0*d + 6818. Is d a composite number?
True
Let d = 3 + 16